{"id":14262,"date":"2019-07-14T22:34:46","date_gmt":"2019-07-14T20:34:46","guid":{"rendered":"http:\/\/visitsubotica.rs\/sta-videti\/spomenik\/zeleznicka-stanica-palic\/"},"modified":"2020-02-09T15:41:19","modified_gmt":"2020-02-09T14:41:19","slug":"zeleznicka-stanica-palic","status":"publish","type":"spomenik","link":"https:\/\/visitsubotica.rs\/hu\/sta-videti\/spomenik\/zeleznicka-stanica-palic\/","title":{"rendered":"PALICSI VAS\u00daT\u00c1LLOM\u00c1S"},"content":{"rendered":"\n<p>1887-ben Palics egy nagy vas\u00fat\u00e1llom\u00e1ssal b\u0151v\u00fclt, amely, kisebb v\u00e1ltoztat\u00e1sok ellen\u00e9ben, a mai napig meg\u0151rizte kin\u00e9zet\u00e9t. A Vas\u00fat\u00e1llom\u00e1s \u00e9p\u00fclete st\u00edlusjegyeit tekintve a klasszikus form\u00e1k \u00e9s a romantikus szellem \u00f6tv\u00f6zet\u00e9t prezent\u00e1lja. <\/p>\n\n\n\n<p>Ez egy kisebb, f\u00f6ldszinti \u00e9p\u00fclet, n\u00e9gysz\u00f6glet\u0171 alapokon fekszik, peronja pedig hosszir\u00e1nyban helyezkedik el a s\u00edn ment\u00e9n. A Palicsi Vas\u00fat\u00e1llm\u00e1s sajnos nem \u00fczemel, \u00edgy Palicsra ma m\u00e1r nem lehet vonattal utazni. Akiknek volt szerencs\u00e9je Szerbia leg\u00e9szakibb pontj\u00e1ra utazni vonattal tudj\u00e1k, milyen \u00e9lm\u00e9ny volt ez val\u00f3j\u00e1ban. <\/p>\n\n\n\n<p>A rendszeres j\u00e1ratok mellett, a Romantika nev\u0171 vonat valamikor sz\u00e1mos individu\u00e1lis turist\u00e1t vitt eg\u00e9szen a Palicsi Vas\u00fat\u00e1llom\u00e1sig.<\/p>\n","protected":false},"excerpt":{"rendered":"<p>1887-ben Palics egy nagy vas\u00fat\u00e1llom\u00e1ssal b\u0151v\u00fclt, amely, kisebb v\u00e1ltoztat\u00e1sok ellen\u00e9ben, a mai napig meg\u0151rizte kin\u00e9zet\u00e9t. A Vas\u00fat\u00e1llom\u00e1s \u00e9p\u00fclete st\u00edlusjegyeit tekintve a klasszikus form\u00e1k \u00e9s a romantikus szellem \u00f6tv\u00f6zet\u00e9t prezent\u00e1lja. Ez egy kisebb, f\u00f6ldszinti \u00e9p\u00fclet, n\u00e9gysz\u00f6glet\u0171 alapokon fekszik, peronja pedig hosszir\u00e1nyban helyezkedik el a s\u00edn ment\u00e9n. A Palicsi Vas\u00fat\u00e1llm\u00e1s sajnos nem \u00fczemel, \u00edgy Palicsra ma m\u00e1r<\/p>\n","protected":false},"featured_media":13388,"template":"","meta":{"footnotes":""},"tip_spomenika":[703],"class_list":["post-14262","spomenik","type-spomenik","status-publish","has-post-thumbnail","hentry"],"yoast_head":"<!-- This site is optimized with the Yoast SEO plugin v27.4 - https:\/\/yoast.com\/product\/yoast-seo-wordpress\/ -->\n<title>PALICSI VAS\u00daT\u00c1LLOM\u00c1S - Visit Subotica<\/title>\n<meta name=\"robots\" content=\"index, follow, max-snippet:-1, max-image-preview:large, max-video-preview:-1\" \/>\n<link rel=\"canonical\" href=\"https:\/\/visitsubotica.rs\/hu\/mit-latogassunk-meg\/kultur\u00e1lis-eml\u00e9k\/zeleznicka-stanica-palic\/\" \/>\n<meta property=\"og:locale\" content=\"hu_HU\" \/>\n<meta property=\"og:type\" content=\"article\" \/>\n<meta property=\"og:title\" content=\"PALICSI VAS\u00daT\u00c1LLOM\u00c1S - Visit Subotica\" \/>\n<meta property=\"og:description\" content=\"1887-ben Palics egy nagy vas\u00fat\u00e1llom\u00e1ssal b\u0151v\u00fclt, amely, kisebb v\u00e1ltoztat\u00e1sok ellen\u00e9ben, a mai napig meg\u0151rizte kin\u00e9zet\u00e9t. A Vas\u00fat\u00e1llom\u00e1s \u00e9p\u00fclete st\u00edlusjegyeit tekintve a klasszikus form\u00e1k \u00e9s a romantikus szellem \u00f6tv\u00f6zet\u00e9t prezent\u00e1lja. Ez egy kisebb, f\u00f6ldszinti \u00e9p\u00fclet, n\u00e9gysz\u00f6glet\u0171 alapokon fekszik, peronja pedig hosszir\u00e1nyban helyezkedik el a s\u00edn ment\u00e9n. A Palicsi Vas\u00fat\u00e1llm\u00e1s sajnos nem \u00fczemel, \u00edgy Palicsra ma m\u00e1r\" \/>\n<meta property=\"og:url\" content=\"https:\/\/visitsubotica.rs\/hu\/mit-latogassunk-meg\/kultur\u00e1lis-eml\u00e9k\/zeleznicka-stanica-palic\/\" \/>\n<meta property=\"og:site_name\" content=\"Visit Subotica\" \/>\n<meta property=\"article:publisher\" content=\"https:\/\/www.facebook.com\/VisitSubotica.rs\/\" \/>\n<meta property=\"article:modified_time\" content=\"2020-02-09T14:41:19+00:00\" \/>\n<meta property=\"og:image\" content=\"https:\/\/visitsubotica.rs\/wp-content\/uploads\/2019\/10\/Zeleznicka-stanica-palic.jpg\" \/>\n\t<meta property=\"og:image:width\" content=\"1024\" \/>\n\t<meta property=\"og:image:height\" content=\"680\" \/>\n\t<meta property=\"og:image:type\" content=\"image\/jpeg\" \/>\n<meta name=\"twitter:card\" content=\"summary_large_image\" \/>\n<meta name=\"twitter:site\" content=\"@visitsubotica\" \/>\n<meta name=\"twitter:label1\" content=\"Becs\u00fclt olvas\u00e1si id\u0151\" \/>\n\t<meta name=\"twitter:data1\" content=\"1 perc\" \/>\n<script type=\"application\/ld+json\" class=\"yoast-schema-graph\">{\"@context\":\"https:\\\/\\\/schema.org\",\"@graph\":[{\"@type\":\"WebPage\",\"@id\":\"https:\\\/\\\/visitsubotica.rs\\\/hu\\\/mit-latogassunk-meg\\\/kultur\u00e1lis-eml\u00e9k\\\/zeleznicka-stanica-palic\\\/\",\"url\":\"https:\\\/\\\/visitsubotica.rs\\\/hu\\\/mit-latogassunk-meg\\\/kultur\u00e1lis-eml\u00e9k\\\/zeleznicka-stanica-palic\\\/\",\"name\":\"PALICSI VAS\u00daT\u00c1LLOM\u00c1S - Visit Subotica\",\"isPartOf\":{\"@id\":\"https:\\\/\\\/visitsubotica.rs\\\/#website\"},\"primaryImageOfPage\":{\"@id\":\"https:\\\/\\\/visitsubotica.rs\\\/hu\\\/mit-latogassunk-meg\\\/kultur\u00e1lis-eml\u00e9k\\\/zeleznicka-stanica-palic\\\/#primaryimage\"},\"image\":{\"@id\":\"https:\\\/\\\/visitsubotica.rs\\\/hu\\\/mit-latogassunk-meg\\\/kultur\u00e1lis-eml\u00e9k\\\/zeleznicka-stanica-palic\\\/#primaryimage\"},\"thumbnailUrl\":\"https:\\\/\\\/visitsubotica.rs\\\/wp-content\\\/uploads\\\/2019\\\/10\\\/Zeleznicka-stanica-palic.jpg\",\"datePublished\":\"2019-07-14T20:34:46+00:00\",\"dateModified\":\"2020-02-09T14:41:19+00:00\",\"breadcrumb\":{\"@id\":\"https:\\\/\\\/visitsubotica.rs\\\/hu\\\/mit-latogassunk-meg\\\/kultur\u00e1lis-eml\u00e9k\\\/zeleznicka-stanica-palic\\\/#breadcrumb\"},\"inLanguage\":\"hu\",\"potentialAction\":[{\"@type\":\"ReadAction\",\"target\":[\"https:\\\/\\\/visitsubotica.rs\\\/hu\\\/mit-latogassunk-meg\\\/kultur\u00e1lis-eml\u00e9k\\\/zeleznicka-stanica-palic\\\/\"]}]},{\"@type\":\"ImageObject\",\"inLanguage\":\"hu\",\"@id\":\"https:\\\/\\\/visitsubotica.rs\\\/hu\\\/mit-latogassunk-meg\\\/kultur\u00e1lis-eml\u00e9k\\\/zeleznicka-stanica-palic\\\/#primaryimage\",\"url\":\"https:\\\/\\\/visitsubotica.rs\\\/wp-content\\\/uploads\\\/2019\\\/10\\\/Zeleznicka-stanica-palic.jpg\",\"contentUrl\":\"https:\\\/\\\/visitsubotica.rs\\\/wp-content\\\/uploads\\\/2019\\\/10\\\/Zeleznicka-stanica-palic.jpg\",\"width\":1024,\"height\":680},{\"@type\":\"BreadcrumbList\",\"@id\":\"https:\\\/\\\/visitsubotica.rs\\\/hu\\\/mit-latogassunk-meg\\\/kultur\u00e1lis-eml\u00e9k\\\/zeleznicka-stanica-palic\\\/#breadcrumb\",\"itemListElement\":[{\"@type\":\"ListItem\",\"position\":1,\"name\":\"Home\",\"item\":\"https:\\\/\\\/visitsubotica.rs\\\/hu\\\/\"},{\"@type\":\"ListItem\",\"position\":2,\"name\":\"PALICSI VAS\u00daT\u00c1LLOM\u00c1S\"}]},{\"@type\":\"WebSite\",\"@id\":\"https:\\\/\\\/visitsubotica.rs\\\/#website\",\"url\":\"https:\\\/\\\/visitsubotica.rs\\\/\",\"name\":\"Visit Subotica\",\"description\":\"Turisti\u010dka organizacija grada Subotice\",\"potentialAction\":[{\"@type\":\"SearchAction\",\"target\":{\"@type\":\"EntryPoint\",\"urlTemplate\":\"https:\\\/\\\/visitsubotica.rs\\\/?s={search_term_string}\"},\"query-input\":{\"@type\":\"PropertyValueSpecification\",\"valueRequired\":true,\"valueName\":\"search_term_string\"}}],\"inLanguage\":\"hu\"}]}<\/script>\n<!-- \/ Yoast SEO plugin. -->","yoast_head_json":{"title":"PALICSI VAS\u00daT\u00c1LLOM\u00c1S - Visit Subotica","robots":{"index":"index","follow":"follow","max-snippet":"max-snippet:-1","max-image-preview":"max-image-preview:large","max-video-preview":"max-video-preview:-1"},"canonical":"https:\/\/visitsubotica.rs\/hu\/mit-latogassunk-meg\/kultur\u00e1lis-eml\u00e9k\/zeleznicka-stanica-palic\/","og_locale":"hu_HU","og_type":"article","og_title":"PALICSI VAS\u00daT\u00c1LLOM\u00c1S - Visit Subotica","og_description":"1887-ben Palics egy nagy vas\u00fat\u00e1llom\u00e1ssal b\u0151v\u00fclt, amely, kisebb v\u00e1ltoztat\u00e1sok ellen\u00e9ben, a mai napig meg\u0151rizte kin\u00e9zet\u00e9t. A Vas\u00fat\u00e1llom\u00e1s \u00e9p\u00fclete st\u00edlusjegyeit tekintve a klasszikus form\u00e1k \u00e9s a romantikus szellem \u00f6tv\u00f6zet\u00e9t prezent\u00e1lja. Ez egy kisebb, f\u00f6ldszinti \u00e9p\u00fclet, n\u00e9gysz\u00f6glet\u0171 alapokon fekszik, peronja pedig hosszir\u00e1nyban helyezkedik el a s\u00edn ment\u00e9n. A Palicsi Vas\u00fat\u00e1llm\u00e1s sajnos nem \u00fczemel, \u00edgy Palicsra ma m\u00e1r","og_url":"https:\/\/visitsubotica.rs\/hu\/mit-latogassunk-meg\/kultur\u00e1lis-eml\u00e9k\/zeleznicka-stanica-palic\/","og_site_name":"Visit Subotica","article_publisher":"https:\/\/www.facebook.com\/VisitSubotica.rs\/","article_modified_time":"2020-02-09T14:41:19+00:00","og_image":[{"width":1024,"height":680,"url":"https:\/\/visitsubotica.rs\/wp-content\/uploads\/2019\/10\/Zeleznicka-stanica-palic.jpg","type":"image\/jpeg"}],"twitter_card":"summary_large_image","twitter_site":"@visitsubotica","twitter_misc":{"Becs\u00fclt olvas\u00e1si id\u0151":"1 perc"},"schema":{"@context":"https:\/\/schema.org","@graph":[{"@type":"WebPage","@id":"https:\/\/visitsubotica.rs\/hu\/mit-latogassunk-meg\/kultur\u00e1lis-eml\u00e9k\/zeleznicka-stanica-palic\/","url":"https:\/\/visitsubotica.rs\/hu\/mit-latogassunk-meg\/kultur\u00e1lis-eml\u00e9k\/zeleznicka-stanica-palic\/","name":"PALICSI VAS\u00daT\u00c1LLOM\u00c1S - Visit Subotica","isPartOf":{"@id":"https:\/\/visitsubotica.rs\/#website"},"primaryImageOfPage":{"@id":"https:\/\/visitsubotica.rs\/hu\/mit-latogassunk-meg\/kultur\u00e1lis-eml\u00e9k\/zeleznicka-stanica-palic\/#primaryimage"},"image":{"@id":"https:\/\/visitsubotica.rs\/hu\/mit-latogassunk-meg\/kultur\u00e1lis-eml\u00e9k\/zeleznicka-stanica-palic\/#primaryimage"},"thumbnailUrl":"https:\/\/visitsubotica.rs\/wp-content\/uploads\/2019\/10\/Zeleznicka-stanica-palic.jpg","datePublished":"2019-07-14T20:34:46+00:00","dateModified":"2020-02-09T14:41:19+00:00","breadcrumb":{"@id":"https:\/\/visitsubotica.rs\/hu\/mit-latogassunk-meg\/kultur\u00e1lis-eml\u00e9k\/zeleznicka-stanica-palic\/#breadcrumb"},"inLanguage":"hu","potentialAction":[{"@type":"ReadAction","target":["https:\/\/visitsubotica.rs\/hu\/mit-latogassunk-meg\/kultur\u00e1lis-eml\u00e9k\/zeleznicka-stanica-palic\/"]}]},{"@type":"ImageObject","inLanguage":"hu","@id":"https:\/\/visitsubotica.rs\/hu\/mit-latogassunk-meg\/kultur\u00e1lis-eml\u00e9k\/zeleznicka-stanica-palic\/#primaryimage","url":"https:\/\/visitsubotica.rs\/wp-content\/uploads\/2019\/10\/Zeleznicka-stanica-palic.jpg","contentUrl":"https:\/\/visitsubotica.rs\/wp-content\/uploads\/2019\/10\/Zeleznicka-stanica-palic.jpg","width":1024,"height":680},{"@type":"BreadcrumbList","@id":"https:\/\/visitsubotica.rs\/hu\/mit-latogassunk-meg\/kultur\u00e1lis-eml\u00e9k\/zeleznicka-stanica-palic\/#breadcrumb","itemListElement":[{"@type":"ListItem","position":1,"name":"Home","item":"https:\/\/visitsubotica.rs\/hu\/"},{"@type":"ListItem","position":2,"name":"PALICSI VAS\u00daT\u00c1LLOM\u00c1S"}]},{"@type":"WebSite","@id":"https:\/\/visitsubotica.rs\/#website","url":"https:\/\/visitsubotica.rs\/","name":"Visit Subotica","description":"Turisti\u010dka organizacija grada Subotice","potentialAction":[{"@type":"SearchAction","target":{"@type":"EntryPoint","urlTemplate":"https:\/\/visitsubotica.rs\/?s={search_term_string}"},"query-input":{"@type":"PropertyValueSpecification","valueRequired":true,"valueName":"search_term_string"}}],"inLanguage":"hu"}]}},"_links":{"self":[{"href":"https:\/\/visitsubotica.rs\/hu\/wp-json\/wp\/v2\/spomenik\/14262","targetHints":{"allow":["GET"]}}],"collection":[{"href":"https:\/\/visitsubotica.rs\/hu\/wp-json\/wp\/v2\/spomenik"}],"about":[{"href":"https:\/\/visitsubotica.rs\/hu\/wp-json\/wp\/v2\/types\/spomenik"}],"version-history":[{"count":0,"href":"https:\/\/visitsubotica.rs\/hu\/wp-json\/wp\/v2\/spomenik\/14262\/revisions"}],"wp:featuredmedia":[{"embeddable":true,"href":"https:\/\/visitsubotica.rs\/hu\/wp-json\/wp\/v2\/media\/13388"}],"wp:attachment":[{"href":"https:\/\/visitsubotica.rs\/hu\/wp-json\/wp\/v2\/media?parent=14262"}],"wp:term":[{"taxonomy":"tip_spomenika","embeddable":true,"href":"https:\/\/visitsubotica.rs\/hu\/wp-json\/wp\/v2\/tip_spomenika?post=14262"}],"curies":[{"name":"wp","href":"https:\/\/api.w.org\/{rel}","templated":true}]}}

PALICSI VASÚTÁLLOMÁS

<p>1887-ben Palics egy nagy vasútállomással bővült, amely, kisebb változtatások ellenében, a mai napig megőrizte kinézetét. A Vasútállomás épülete stílusjegyeit tekintve a klasszikus formák és a romantikus szellem ötvözetét prezentálja. </p>



<p>Ez egy kisebb, földszinti épület, négyszögletű alapokon fekszik, peronja pedig hosszirányban helyezkedik el a sín mentén. A Palicsi Vasútállmás sajnos nem üzemel, így Palicsra ma már nem lehet vonattal utazni. Akiknek volt szerencséje Szerbia legészakibb pontjára utazni vonattal tudják, milyen élmény volt ez valójában. </p>



<p>A rendszeres járatok mellett, a Romantika nevű vonat valamikor számos individuális turistát vitt egészen a Palicsi Vasútállomásig.</p>

<p>1887-ben Palics egy nagy vasútállomással bővült, amely, kisebb változtatások ellenében, a mai napig megőrizte kinézetét. A Vasútállomás épülete stílusjegyeit tekintve a klasszikus formák és a romantikus szellem ötvözetét prezentálja. Ez egy kisebb, földszinti épület, négyszögletű alapokon fekszik, peronja pedig hosszirányban helyezkedik el a sín mentén. A Palicsi Vasútállmás sajnos nem üzemel, így Palicsra ma már</p>

<!-- This site is optimized with the Yoast SEO plugin v27.4 - https://yoast.com/product/yoast-seo-wordpress/ -->
<title>PALICSI VASÚTÁLLOMÁS - Visit Subotica</title>
<meta name="robots" content="index, follow, max-snippet:-1, max-image-preview:large, max-video-preview:-1" />
<link rel="canonical" href="https://visitsubotica.rs/hu/mit-latogassunk-meg/kulturális-emlék/zeleznicka-stanica-palic/" />
<meta property="og:locale" content="hu_HU" />
<meta property="og:type" content="article" />
<meta property="og:title" content="PALICSI VASÚTÁLLOMÁS - Visit Subotica" />
<meta property="og:description" content="1887-ben Palics egy nagy vasútállomással bővült, amely, kisebb változtatások ellenében, a mai napig megőrizte kinézetét. A Vasútállomás épülete stílusjegyeit tekintve a klasszikus formák és a romantikus szellem ötvözetét prezentálja. Ez egy kisebb, földszinti épület, négyszögletű alapokon fekszik, peronja pedig hosszirányban helyezkedik el a sín mentén. A Palicsi Vasútállmás sajnos nem üzemel, így Palicsra ma már" />
<meta property="og:url" content="https://visitsubotica.rs/hu/mit-latogassunk-meg/kulturális-emlék/zeleznicka-stanica-palic/" />
<meta property="og:site_name" content="Visit Subotica" />
<meta property="article:publisher" content="https://www.facebook.com/VisitSubotica.rs/" />
<meta property="article:modified_time" content="2020-02-09T14:41:19+00:00" />
<meta property="og:image" content="https://visitsubotica.rs/wp-content/uploads/2019/10/Zeleznicka-stanica-palic.jpg" />
	<meta property="og:image:width" content="1024" />
	<meta property="og:image:height" content="680" />
	<meta property="og:image:type" content="image/jpeg" />
<meta name="twitter:card" content="summary_large_image" />
<meta name="twitter:site" content="@visitsubotica" />
<meta name="twitter:label1" content="Becsült olvasási idő" />
	<meta name="twitter:data1" content="1 perc" />
<script type="application/ld+json" class="yoast-schema-graph">{"@context":"https:\/\/schema.org","@graph":[{"@type":"WebPage","@id":"https:\/\/visitsubotica.rs\/hu\/mit-latogassunk-meg\/kulturális-emlék\/zeleznicka-stanica-palic\/","url":"https:\/\/visitsubotica.rs\/hu\/mit-latogassunk-meg\/kulturális-emlék\/zeleznicka-stanica-palic\/","name":"PALICSI VASÚTÁLLOMÁS - Visit Subotica","isPartOf":{"@id":"https:\/\/visitsubotica.rs\/#website"},"primaryImageOfPage":{"@id":"https:\/\/visitsubotica.rs\/hu\/mit-latogassunk-meg\/kulturális-emlék\/zeleznicka-stanica-palic\/#primaryimage"},"image":{"@id":"https:\/\/visitsubotica.rs\/hu\/mit-latogassunk-meg\/kulturális-emlék\/zeleznicka-stanica-palic\/#primaryimage"},"thumbnailUrl":"https:\/\/visitsubotica.rs\/wp-content\/uploads\/2019\/10\/Zeleznicka-stanica-palic.jpg","datePublished":"2019-07-14T20:34:46+00:00","dateModified":"2020-02-09T14:41:19+00:00","breadcrumb":{"@id":"https:\/\/visitsubotica.rs\/hu\/mit-latogassunk-meg\/kulturális-emlék\/zeleznicka-stanica-palic\/#breadcrumb"},"inLanguage":"hu","potentialAction":[{"@type":"ReadAction","target":["https:\/\/visitsubotica.rs\/hu\/mit-latogassunk-meg\/kulturális-emlék\/zeleznicka-stanica-palic\/"]}]},{"@type":"ImageObject","inLanguage":"hu","@id":"https:\/\/visitsubotica.rs\/hu\/mit-latogassunk-meg\/kulturális-emlék\/zeleznicka-stanica-palic\/#primaryimage","url":"https:\/\/visitsubotica.rs\/wp-content\/uploads\/2019\/10\/Zeleznicka-stanica-palic.jpg","contentUrl":"https:\/\/visitsubotica.rs\/wp-content\/uploads\/2019\/10\/Zeleznicka-stanica-palic.jpg","width":1024,"height":680},{"@type":"BreadcrumbList","@id":"https:\/\/visitsubotica.rs\/hu\/mit-latogassunk-meg\/kulturális-emlék\/zeleznicka-stanica-palic\/#breadcrumb","itemListElement":[{"@type":"ListItem","position":1,"name":"Home","item":"https:\/\/visitsubotica.rs\/hu\/"},{"@type":"ListItem","position":2,"name":"PALICSI VASÚTÁLLOMÁS"}]},{"@type":"WebSite","@id":"https:\/\/visitsubotica.rs\/#website","url":"https:\/\/visitsubotica.rs\/","name":"Visit Subotica","description":"Turistička organizacija grada Subotice","potentialAction":[{"@type":"SearchAction","target":{"@type":"EntryPoint","urlTemplate":"https:\/\/visitsubotica.rs\/?s={search_term_string}"},"query-input":{"@type":"PropertyValueSpecification","valueRequired":true,"valueName":"search_term_string"}}],"inLanguage":"hu"}]}</script>
<!-- / Yoast SEO plugin. -->

PALICSI VASÚTÁLLOMÁS - Visit Subotica

https://visitsubotica.rs/hu/mit-latogassunk-meg/kulturális-emlék/zeleznicka-stanica-palic/

1887-ben Palics egy nagy vasútállomással bővült, amely, kisebb változtatások ellenében, a mai napig megőrizte kinézetét. A Vasútállomás épülete stílusjegyeit tekintve a klasszikus formák és a romantikus szellem ötvözetét prezentálja. Ez egy kisebb, földszinti épület, négyszögletű alapokon fekszik, peronja pedig hosszirányban helyezkedik el a sín mentén. A Palicsi Vasútállmás sajnos nem üzemel, így Palicsra ma már

https://visitsubotica.rs/hu/mit-latogassunk-meg/kulturális-emlék/zeleznicka-stanica-palic/#primaryimage

https://visitsubotica.rs/hu/mit-latogassunk-meg/kulturális-emlék/zeleznicka-stanica-palic/#breadcrumb

Turistička organizacija grada Subotice
