{"version":"1.0","provider_name":"Visit Subotica","provider_url":"https:\/\/visitsubotica.rs\/hu\/","author_name":"office","author_url":"https:\/\/visitsubotica.rs\/hu\/author\/office\/","title":"A SZENT R\u00d3KUS-K\u00c1POLNA - Visit Subotica","type":"rich","width":600,"height":338,"html":"<blockquote class=\"wp-embedded-content\" data-secret=\"G4FMpUyqL8\"><a href=\"https:\/\/visitsubotica.rs\/hu\/sta-videti\/spomenik\/kapela-sv-roke\/\">A SZENT R\u00d3KUS-K\u00c1POLNA<\/a><\/blockquote><iframe sandbox=\"allow-scripts\" security=\"restricted\" src=\"https:\/\/visitsubotica.rs\/hu\/sta-videti\/spomenik\/kapela-sv-roke\/embed\/#?secret=G4FMpUyqL8\" width=\"600\" height=\"338\" title=\"&#8220;A SZENT R\u00d3KUS-K\u00c1POLNA&#8221; &#8212; Visit Subotica\" data-secret=\"G4FMpUyqL8\" frameborder=\"0\" marginwidth=\"0\" marginheight=\"0\" scrolling=\"no\" class=\"wp-embedded-content\"><\/iframe><script type=\"text\/javascript\">\n\/* <![CDATA[ *\/\n\/*! This file is auto-generated *\/\n!function(d,l){\"use strict\";l.querySelector&&d.addEventListener&&\"undefined\"!=typeof URL&&(d.wp=d.wp||{},d.wp.receiveEmbedMessage||(d.wp.receiveEmbedMessage=function(e){var t=e.data;if((t||t.secret||t.message||t.value)&&!\/[^a-zA-Z0-9]\/.test(t.secret)){for(var s,r,n,a=l.querySelectorAll('iframe[data-secret=\"'+t.secret+'\"]'),o=l.querySelectorAll('blockquote[data-secret=\"'+t.secret+'\"]'),c=new RegExp(\"^https?:$\",\"i\"),i=0;i<o.length;i++)o[i].style.display=\"none\";for(i=0;i<a.length;i++)s=a[i],e.source===s.contentWindow&&(s.removeAttribute(\"style\"),\"height\"===t.message?(1e3<(r=parseInt(t.value,10))?r=1e3:~~r<200&&(r=200),s.height=r):\"link\"===t.message&&(r=new URL(s.getAttribute(\"src\")),n=new URL(t.value),c.test(n.protocol))&&n.host===r.host&&l.activeElement===s&&(d.top.location.href=t.value))}},d.addEventListener(\"message\",d.wp.receiveEmbedMessage,!1),l.addEventListener(\"DOMContentLoaded\",function(){for(var e,t,s=l.querySelectorAll(\"iframe.wp-embedded-content\"),r=0;r<s.length;r++)(t=(e=s[r]).getAttribute(\"data-secret\"))||(t=Math.random().toString(36).substring(2,12),e.src+=\"#?secret=\"+t,e.setAttribute(\"data-secret\",t)),e.contentWindow.postMessage({message:\"ready\",secret:t},\"*\")},!1)))}(window,document);\n\/\/# sourceURL=https:\/\/visitsubotica.rs\/wp-includes\/js\/wp-embed.min.js\n\/* ]]> *\/\n<\/script>\n","thumbnail_url":"https:\/\/visitsubotica.rs\/wp-content\/uploads\/2019\/07\/IMG_3029-scaled.jpg","thumbnail_width":2560,"thumbnail_height":1707,"description":"A Szent R\u00f3kus-k\u00e1polna 1738-ban \u00e9p\u00fclt \u00e9s nagy jelent\u0151s\u00e9g\u0171 kultur\u00e1lis eml\u00e9km\u0171 st\u00e1tuszt \u00e9lvez. A k\u00e1poln\u00e1t Szent R\u00f3kus, a j\u00e1rv\u00e1nyok v\u00e9d\u0151szentj\u00e9nek tisztelet\u00e9re emelt\u00e9k., mivel akkoriban a pestisj\u00e1rv\u00e1ny sz\u00e1mos \u00e9letet k\u00f6vetelt Szabadka ter\u00fclet\u00e9n. Azon a helyen \u00e9p\u00fclt, ahol a Th\u00f6k\u00f6ly elleni harcokban harminc lakost meg\u00f6ltek. 1753-ban fel\u00faj\u00edtott\u00e1k, 1773-ban pedig a k\u00e1polna el\u0151tet\u0151ket kap, \u00e9s sz\u00e9kesegyh\u00e1zk\u00e9nt \u00fczemel az Avilai"}

A SZENT RÓKUS-KÁPOLNA - Visit Subotica

<blockquote class="wp-embedded-content" data-secret="G4FMpUyqL8"><a href="https://visitsubotica.rs/hu/sta-videti/spomenik/kapela-sv-roke/">A SZENT RÓKUS-KÁPOLNA</a></blockquote><iframe sandbox="allow-scripts" security="restricted" src="https://visitsubotica.rs/hu/sta-videti/spomenik/kapela-sv-roke/embed/#?secret=G4FMpUyqL8" width="600" height="338" title="&#8220;A SZENT RÓKUS-KÁPOLNA&#8221; &#8212; Visit Subotica" data-secret="G4FMpUyqL8" frameborder="0" marginwidth="0" marginheight="0" scrolling="no" class="wp-embedded-content"></iframe><script type="text/javascript">
/* <![CDATA[ */
/*! This file is auto-generated */
!function(d,l){"use strict";l.querySelector&&d.addEventListener&&"undefined"!=typeof URL&&(d.wp=d.wp||{},d.wp.receiveEmbedMessage||(d.wp.receiveEmbedMessage=function(e){var t=e.data;if((t||t.secret||t.message||t.value)&&!/[^a-zA-Z0-9]/.test(t.secret)){for(var s,r,n,a=l.querySelectorAll('iframe[data-secret="'+t.secret+'"]'),o=l.querySelectorAll('blockquote[data-secret="'+t.secret+'"]'),c=new RegExp("^https?:$","i"),i=0;i<o.length;i++)o[i].style.display="none";for(i=0;i<a.length;i++)s=a[i],e.source===s.contentWindow&&(s.removeAttribute("style"),"height"===t.message?(1e3<(r=parseInt(t.value,10))?r=1e3:~~r<200&&(r=200),s.height=r):"link"===t.message&&(r=new URL(s.getAttribute("src")),n=new URL(t.value),c.test(n.protocol))&&n.host===r.host&&l.activeElement===s&&(d.top.location.href=t.value))}},d.addEventListener("message",d.wp.receiveEmbedMessage,!1),l.addEventListener("DOMContentLoaded",function(){for(var e,t,s=l.querySelectorAll("iframe.wp-embedded-content"),r=0;r<s.length;r++)(t=(e=s[r]).getAttribute("data-secret"))||(t=Math.random().toString(36).substring(2,12),e.src+="#?secret="+t,e.setAttribute("data-secret",t)),e.contentWindow.postMessage({message:"ready",secret:t},"*")},!1)))}(window,document);
//# sourceURL=https://visitsubotica.rs/wp-includes/js/wp-embed.min.js
/* ]]> */
</script>

A Szent Rókus-kápolna 1738-ban épült és nagy jelentőségű kulturális emlékmű státuszt élvez. A kápolnát Szent Rókus, a járványok védőszentjének tiszteletére emelték., mivel akkoriban a pestisjárvány számos életet követelt Szabadka területén. Azon a helyen épült, ahol a Thököly elleni harcokban harminc lakost megöltek. 1753-ban felújították, 1773-ban pedig a kápolna előtetőket kap, és székesegyházként üzemel az Avilai
